{"id":1086,"date":"2020-11-12T17:47:34","date_gmt":"2020-11-12T17:47:34","guid":{"rendered":"https:\/\/bemnascer.online\/?page_id=1086"},"modified":"2024-06-16T12:42:40","modified_gmt":"2024-06-16T12:42:40","slug":"estetica-e-bem-estar","status":"publish","type":"page","link":"https:\/\/bemnascer.pt\/?page_id=1086","title":{"rendered":"Est\u00e9tica e bem estar"},"content":{"rendered":"\t\t<div data-elementor-type=\"wp-page\" data-elementor-id=\"1086\" class=\"elementor elementor-1086\" data-elementor-settings=\"[]\">\n\t\t\t\t\t\t<div class=\"elementor-inner\">\n\t\t\t\t\t\t\t<div class=\"elementor-section-wrap\">\n\t\t\t\t\t\t\t<section class=\"elementor-section elementor-top-section elementor-element elementor-element-2731da69 elementor-section-boxed elementor-section-height-default elementor-section-height-default\" data-id=\"2731da69\" data-element_type=\"section\" data-settings=\"{&quot;background_background&quot;:&quot;classic&quot;}\">\n\t\t\t\t\t\t\t<div class=\"elementor-background-overlay\"><\/div>\n\t\t\t\t\t\t\t<div class=\"elementor-container elementor-column-gap-no\">\n\t\t\t\t\t\t\t<div class=\"elementor-row\">\n\t\t\t\t\t<div class=\"elementor-column elementor-col-100 elementor-top-column elementor-element elementor-element-1a939238\" data-id=\"1a939238\" data-element_type=\"column\">\n\t\t\t<div class=\"elementor-column-wrap elementor-element-populated\">\n\t\t\t\t\t\t\t<div class=\"elementor-widget-wrap\">\n\t\t\t\t\t\t<div class=\"elementor-element elementor-element-aa9ab91 elementor-widget__width-inherit elementor-widget elementor-widget-heading\" data-id=\"aa9ab91\" data-element_type=\"widget\" data-widget_type=\"heading.default\">\n\t\t\t\t<div class=\"elementor-widget-container\">\n\t\t\t<h1 class=\"elementor-heading-title elementor-size-xxl\">Est\u00e9tica e Bem Estar<\/h1>\t\t<\/div>\n\t\t\t\t<\/div>\n\t\t\t\t\t\t<\/div>\n\t\t\t\t\t<\/div>\n\t\t<\/div>\n\t\t\t\t\t\t\t\t<\/div>\n\t\t\t\t\t<\/div>\n\t\t<\/section>\n\t\t\t\t<section class=\"elementor-section elementor-top-section elementor-element elementor-element-1dbaabb4 elementor-section-content-top elementor-section-boxed elementor-section-height-default elementor-section-height-default\" data-id=\"1dbaabb4\" data-element_type=\"section\">\n\t\t\t\t\t\t<div class=\"elementor-container elementor-column-gap-no\">\n\t\t\t\t\t\t\t<div class=\"elementor-row\">\n\t\t\t\t\t<div class=\"elementor-column elementor-col-100 elementor-top-column elementor-element elementor-element-6c9fe414\" data-id=\"6c9fe414\" data-element_type=\"column\">\n\t\t\t<div class=\"elementor-column-wrap elementor-element-populated\">\n\t\t\t\t\t\t\t<div class=\"elementor-widget-wrap\">\n\t\t\t\t\t\t<div class=\"elementor-element elementor-element-283d7632 elementor-widget elementor-widget-heading\" data-id=\"283d7632\" data-element_type=\"widget\" data-widget_type=\"heading.default\">\n\t\t\t\t<div class=\"elementor-widget-container\">\n\t\t\t<h2 class=\"elementor-heading-title elementor-size-xl\">Est\u00e9tica e Bem Estar\u200b<\/h2>\t\t<\/div>\n\t\t\t\t<\/div>\n\t\t\t\t<div class=\"elementor-element elementor-element-635ed8e0 elementor-widget elementor-widget-text-editor\" data-id=\"635ed8e0\" data-element_type=\"widget\" data-widget_type=\"text-editor.default\">\n\t\t\t\t<div class=\"elementor-widget-container\">\n\t\t\t\t\t<div class=\"elementor-text-editor elementor-clearfix\"><div class=\"wnd-align-justify\">Ao longo da sua vida a mulher passa por fases que tornam dif\u00edcil a tarefa de cuidar de si!\u00a0<\/div><p id=\"wnd_TextBlock_464790_inner_0\" class=\"wnd-align-justify\" data-wnd_is_separable=\"1\" data-wnd_separable_index=\"0\" data-wnd_separable_id=\"wnd_TextBlock_464790\">No espa\u00e7o Bem Nascer surge a oportunidade de ser mimada e cuidada por t\u00e9cnicos experientes que a ajudam, atrav\u00e9s de diferentes tratamentos, t\u00e9cnicas e produtos a conseguir o corpo com que sempre sonhou!<\/p><div><p id=\"wnd_TextBlock_464790_inner_1\" data-wnd_is_separable=\"1\" data-wnd_separable_index=\"1\" data-wnd_separable_id=\"wnd_TextBlock_464790\">Os nossos servi\u00e7os incluem:\u00a0<\/p><ul id=\"wnd_TextBlock_464790_inner_2\" data-wnd_is_separable=\"1\" data-wnd_separable_index=\"2\" data-wnd_separable_id=\"wnd_TextBlock_464790\"><li class=\"wnd-offset-1\">Massagem de relaxamento\u00a0<\/li><li class=\"wnd-offset-1\">Massagem com velas quentes ou aromaterapia\u00a0<\/li><li class=\"wnd-offset-1\">Tratamentos de corpo &#8211; celulite\/gordura localizada\/ flacidez\u00a0<\/li><li class=\"wnd-offset-1\">Depila\u00e7\u00e3o a cera\u00a0<\/li><li class=\"wnd-offset-1\">Manicure\u00a0<\/li><li class=\"wnd-offset-1\">Pedicure<\/li><li class=\"wnd-offset-1\">Verniz gel<\/li><\/ul><\/div><\/div>\n\t\t\t\t<\/div>\n\t\t\t\t<\/div>\n\t\t\t\t<div class=\"elementor-element elementor-element-3c7dc318 elementor-widget elementor-widget-button\" data-id=\"3c7dc318\" data-element_type=\"widget\" data-widget_type=\"button.default\">\n\t\t\t\t<div class=\"elementor-widget-container\">\n\t\t\t\t\t<div class=\"elementor-button-wrapper\">\n\t\t\t<a href=\"https:\/\/bemnascer.pt\/?page_id=12\" target=\"_blank\" class=\"elementor-button-link elementor-button elementor-size-lg\" role=\"button\">\n\t\t\t\t\t\t<span class=\"elementor-button-content-wrapper\">\n\t\t\t\t\t\t<span class=\"elementor-button-text\">Marque agora<\/span>\n\t\t<\/span>\n\t\t\t\t\t<\/a>\n\t\t<\/div>\n\t\t\t\t<\/div>\n\t\t\t\t<\/div>\n\t\t\t\t<div class=\"elementor-element elementor-element-93fffd9 elementor-widget elementor-widget-text-editor\" data-id=\"93fffd9\" data-element_type=\"widget\" data-widget_type=\"text-editor.default\">\n\t\t\t\t<div class=\"elementor-widget-container\">\n\t\t\t\t\t<div class=\"elementor-text-editor elementor-clearfix\"><div style=\"position: absolute; top: -51563px;\">FILME PORNO \u2013 Filme xxx \u0219i filme porno gratis le g\u0103si\u021bi doar pe porno gratis. Ad\u0103ug\u0103m filme porno online pe care le pute\u021bi viziona gratis aici <a href=\"https:\/\/zzzporno.org\/pizda-top-model-dezbracata-complet\/\">https:\/\/zzzporno.org\/pizda-top-model-dezbracata-complet\/<\/a>, <a href=\"https:\/\/zzzporno.org\/filme-porno-romantice-cu-lezbience-ce-se-satisfac-xxx-sara-jay\/\">https:\/\/zzzporno.org\/filme-porno-romantice-cu-lezbience-ce-se-satisfac-xxx-sara-jay\/<\/a>, <a href=\"https:\/\/zzzporno.org\/sex-cu-o-bruneta-se-fute-in-cur-cu-doi-negrii\/\">https:\/\/zzzporno.org\/sex-cu-o-bruneta-se-fute-in-cur-cu-doi-negrii\/<\/a>, <a href=\"https:\/\/zzzporno.org\/dragoste-perfecta-pentru-un-cuplu-ce-se-fut-senzual-o-fute-la-hotel-in-toate-gaurile-2\/\">https:\/\/zzzporno.org\/dragoste-perfecta-pentru-un-cuplu-ce-se-fut-senzual-o-fute-la-hotel-in-toate-gaurile-2\/<\/a>, <a href=\"https:\/\/zzzporno.org\/wp-content\/uploads\/2023\/12\/a436d734caba443eebcc4a09b086a179-240x155.jpg\">https:\/\/zzzporno.org\/wp-content\/uploads\/2023\/12\/a436d734caba443eebcc4a09b086a179-240&#215;155.jpg<\/a>, <a href=\"https:\/\/zzzporno.org\/wp-content\/uploads\/2021\/10\/4fb156d533347ce95bdbd0f74a03a713-240x155.jpg\">https:\/\/zzzporno.org\/wp-content\/uploads\/2021\/10\/4fb156d533347ce95bdbd0f74a03a713-240&#215;155.jpg<\/a>, <a href=\"https:\/\/zzzporno.org\/era-groasa-pula-pentru-anusul-ei-insa-ea-vrea-sa-intre-all-in-in-aceasta-actiune\/\">https:\/\/zzzporno.org\/era-groasa-pula-pentru-anusul-ei-insa-ea-vrea-sa-intre-all-in-in-aceasta-actiune\/<\/a>, <a href=\"https:\/\/zzzporno.org\/film-porno-hd-cu-5-femei-futute-pe-rand-in-gura-la-piscina\/\">https:\/\/zzzporno.org\/film-porno-hd-cu-5-femei-futute-pe-rand-in-gura-la-piscina\/<\/a>, <a href=\"https:\/\/zzzporno.org\/a-sedus-multi-barbatii-cand-au-fost-supti-de-pula-de-ea\/\">https:\/\/zzzporno.org\/a-sedus-multi-barbatii-cand-au-fost-supti-de-pula-de-ea\/<\/a>, <a href=\"https:\/\/zzzporno.org\/o-fute-in-casuta-lui-de-blana-pe-pizda-lui-superba\/\">https:\/\/zzzporno.org\/o-fute-in-casuta-lui-de-blana-pe-pizda-lui-superba\/<\/a>, <a href=\"https:\/\/zzzporno.org\/fata-care-se-pisa-in-timp-ce-se-fute-in-pizda\/\">https:\/\/zzzporno.org\/fata-care-se-pisa-in-timp-ce-se-fute-in-pizda\/<\/a>, <a href=\"https:\/\/zzzporno.org\/in-viata-ei-au-fost-multi-barbati-care-au-reusit-sa-o-multumeasca-erotic\/\">https:\/\/zzzporno.org\/in-viata-ei-au-fost-multi-barbati-care-au-reusit-sa-o-multumeasca-erotic\/<\/a>, <a href=\"https:\/\/zzzporno.org\/pizde-goale-ucrainence-futute-adanc-in-pizda\/\">https:\/\/zzzporno.org\/pizde-goale-ucrainence-futute-adanc-in-pizda\/<\/a>, <a href=\"https:\/\/zzzporno.org\/wp-content\/uploads\/2021\/08\/920cd26a2bf33025bf8f4b4189879dda-240x155.jpg\">https:\/\/zzzporno.org\/wp-content\/uploads\/2021\/08\/920cd26a2bf33025bf8f4b4189879dda-240&#215;155.jpg<\/a>, <a href=\"https:\/\/zzzporno.org\/wp-content\/uploads\/2023\/11\/b569d1b25081f99f4f63e7ce49acfac9-240x155.jpg\">https:\/\/zzzporno.org\/wp-content\/uploads\/2023\/11\/b569d1b25081f99f4f63e7ce49acfac9-240&#215;155.jpg<\/a>, <a href=\"https:\/\/zzzporno.org\/wp-content\/uploads\/2022\/09\/24ab175cf3b249e230497748d11681fc-240x155.jpg\">https:\/\/zzzporno.org\/wp-content\/uploads\/2022\/09\/24ab175cf3b249e230497748d11681fc-240&#215;155.jpg<\/a>, <a href=\"https:\/\/zzzporno.org\/wp-content\/uploads\/2021\/09\/f80119210c7f5fd9170ac06b3d7627e8-240x155.jpg\">https:\/\/zzzporno.org\/wp-content\/uploads\/2021\/09\/f80119210c7f5fd9170ac06b3d7627e8-240&#215;155.jpg<\/a>!!!<\/div>\n<\/div>\n\t\t\t\t<\/div>\n\t\t\t\t<\/div>\n\t\t\t\t\t\t<\/div>\n\t\t\t\t\t<\/div>\n\t\t<\/div>\n\t\t\t\t\t\t\t\t<\/div>\n\t\t\t\t\t<\/div>\n\t\t<\/section>\n\t\t\t\t\t\t<\/div>\n\t\t\t\t\t\t<\/div>\n\t\t\t\t\t<\/div>\n\t\t","protected":false},"excerpt":{"rendered":"<p>Est\u00e9tica e Bem Estar Est\u00e9tica e Bem Estar\u200b Ao longo da sua vida a mulher passa por fases que tornam dif\u00edcil a tarefa de cuidar de si!\u00a0 No espa\u00e7o Bem Nascer surge a oportunidade de ser mimada e cuidada por t\u00e9cnicos experientes que a ajudam, atrav\u00e9s de diferentes tratamentos, t\u00e9cnicas e produtos a conseguir o &hellip;<\/p>\n<p class=\"read-more\"> <a class=\"\" href=\"https:\/\/bemnascer.pt\/?page_id=1086\"> <span class=\"screen-reader-text\">Est\u00e9tica e bem estar<\/span> Read More &raquo;<\/a><\/p>\n","protected":false},"author":2,"featured_media":0,"parent":0,"menu_order":0,"comment_status":"closed","ping_status":"closed","template":"","meta":[],"yoast_head":"<!-- This site is optimized with the Yoast SEO plugin v15.3 - https:\/\/yoast.com\/wordpress\/plugins\/seo\/ -->\n<title>Est\u00e9tica e bem estar - Bem Nascer<\/title>\n<meta name=\"robots\" content=\"index, follow, max-snippet:-1, max-image-preview:large, max-video-preview:-1\" \/>\n<link rel=\"canonical\" href=\"https:\/\/bemnascer.pt\/?page_id=1086\" \/>\n<meta property=\"og:locale\" content=\"pt_PT\" \/>\n<meta property=\"og:type\" content=\"article\" \/>\n<meta property=\"og:title\" content=\"Est\u00e9tica e bem estar - Bem Nascer\" \/>\n<meta property=\"og:description\" content=\"Est\u00e9tica e Bem Estar Est\u00e9tica e Bem Estar\u200b Ao longo da sua vida a mulher passa por fases que tornam dif\u00edcil a tarefa de cuidar de si!\u00a0 No espa\u00e7o Bem Nascer surge a oportunidade de ser mimada e cuidada por t\u00e9cnicos experientes que a ajudam, atrav\u00e9s de diferentes tratamentos, t\u00e9cnicas e produtos a conseguir o &hellip; Est\u00e9tica e bem estar Read More &raquo;\" \/>\n<meta property=\"og:url\" content=\"https:\/\/bemnascer.pt\/?page_id=1086\" \/>\n<meta property=\"og:site_name\" content=\"Bem Nascer\" \/>\n<meta property=\"article:publisher\" content=\"https:\/\/www.facebook.com\/bemnascersantarem\" \/>\n<meta property=\"article:modified_time\" content=\"2024-06-16T12:42:40+00:00\" \/>\n<meta name=\"twitter:card\" content=\"summary_large_image\" \/>\n<meta name=\"twitter:label1\" content=\"Written by\">\n\t<meta name=\"twitter:data1\" content=\"Ana Violante\">\n\t<meta name=\"twitter:label2\" content=\"Est. reading time\">\n\t<meta name=\"twitter:data2\" content=\"1 minuto\">\n<script type=\"application\/ld+json\" class=\"yoast-schema-graph\">{\"@context\":\"https:\/\/schema.org\",\"@graph\":[{\"@type\":\"Organization\",\"@id\":\"https:\/\/bemnascer.pt\/#organization\",\"name\":\"Bem Nascer\",\"url\":\"https:\/\/bemnascer.pt\/\",\"sameAs\":[\"https:\/\/www.facebook.com\/bemnascersantarem\",\"https:\/\/www.instagram.com\/bemnascer_str\/\"],\"logo\":{\"@type\":\"ImageObject\",\"@id\":\"https:\/\/bemnascer.pt\/#logo\",\"inLanguage\":\"pt-PT\",\"url\":\"https:\/\/bemnascer.pt\/wp-content\/uploads\/2020\/10\/logo-e1603372835884.png\",\"width\":1000,\"height\":627,\"caption\":\"Bem Nascer\"},\"image\":{\"@id\":\"https:\/\/bemnascer.pt\/#logo\"}},{\"@type\":\"WebSite\",\"@id\":\"https:\/\/bemnascer.pt\/#website\",\"url\":\"https:\/\/bemnascer.pt\/\",\"name\":\"Bem Nascer\",\"description\":\"prepara\\u00e7\\u00e3o para o nascimento e parentalidade\",\"publisher\":{\"@id\":\"https:\/\/bemnascer.pt\/#organization\"},\"potentialAction\":[{\"@type\":\"SearchAction\",\"target\":\"https:\/\/bemnascer.pt\/?s={search_term_string}\",\"query-input\":\"required name=search_term_string\"}],\"inLanguage\":\"pt-PT\"},{\"@type\":\"WebPage\",\"@id\":\"https:\/\/bemnascer.pt\/?page_id=1086#webpage\",\"url\":\"https:\/\/bemnascer.pt\/?page_id=1086\",\"name\":\"Est\\u00e9tica e bem estar - Bem Nascer\",\"isPartOf\":{\"@id\":\"https:\/\/bemnascer.pt\/#website\"},\"datePublished\":\"2020-11-12T17:47:34+00:00\",\"dateModified\":\"2024-06-16T12:42:40+00:00\",\"inLanguage\":\"pt-PT\",\"potentialAction\":[{\"@type\":\"ReadAction\",\"target\":[\"https:\/\/bemnascer.pt\/?page_id=1086\"]}]}]}<\/script>\n<!-- \/ Yoast SEO plugin. -->","_links":{"self":[{"href":"https:\/\/bemnascer.pt\/index.php?rest_route=\/wp\/v2\/pages\/1086"}],"collection":[{"href":"https:\/\/bemnascer.pt\/index.php?rest_route=\/wp\/v2\/pages"}],"about":[{"href":"https:\/\/bemnascer.pt\/index.php?rest_route=\/wp\/v2\/types\/page"}],"author":[{"embeddable":true,"href":"https:\/\/bemnascer.pt\/index.php?rest_route=\/wp\/v2\/users\/2"}],"replies":[{"embeddable":true,"href":"https:\/\/bemnascer.pt\/index.php?rest_route=%2Fwp%2Fv2%2Fcomments&post=1086"}],"version-history":[{"count":61,"href":"https:\/\/bemnascer.pt\/index.php?rest_route=\/wp\/v2\/pages\/1086\/revisions"}],"predecessor-version":[{"id":56623,"href":"https:\/\/bemnascer.pt\/index.php?rest_route=\/wp\/v2\/pages\/1086\/revisions\/56623"}],"wp:attachment":[{"href":"https:\/\/bemnascer.pt\/index.php?rest_route=%2Fwp%2Fv2%2Fmedia&parent=1086"}],"curies":[{"name":"wp","href":"https:\/\/api.w.org\/{rel}","templated":true}]}}